e hundreds digit of 82527?
5
What is the hundreds digit of 87630?
6
What is the thousands digit of 2214010?
4
What is the ten thousands digit of 5967332?
6
What is the thousands digit of 237850?
7
What is the hundred thousands digit of 930676?
9
What is the tens digit of 501402?
0
What is the hundred thousands digit of 1623241?
6
What is the ten thousands digit of 32550575?
5
What is the thousands digit of 13868866?
8
What is the thousands digit of 7170060?
0
What is the thousands digit of 2279057?
9
What is the hundreds digit of 3922656?
6
What is the hundreds digit of 94387?
3
What is the ten thousands digit of 3226671?
2
What is the hundreds digit of 315580?
5
What is the units digit of 372954?
4
What is the hundred thousands digit of 250057?
2
What is the tens digit of 6381216?
1
What is the hundreds digit of 697003?
0
What is the ten thousands digit of 241028?
4
What is the ten thousands digit of 30279?
3
What is the hundreds digit of 1684020?
0
What is the units digit of 18421545?
5
What is the hundred thousands digit of 638856?
6
What is the ten thousands digit of 7874431?
7
What is the tens digit of 218667?
6
What is the hundreds digit of 1970299?
2
What is the hundreds digit of 398131?
1
What is the thousands digit of 564972?
4
What is the ten thousands digit of 284555?
8
What is the hundred thousands digit of 120040?
1
What is the hundred thousands digit of 675317?
6
What is the tens digit of 1355410?
1
What is the thousands digit of 1412568?
2
What is the hundreds digit of 227618?
6
What is the hundred thousands digit of 365766?
3
What is the ten thousands digit of 1386152?
8
What is the hundred thousands digit of 3851623?
8
What is the tens digit of 67074?
7
What is the ten thousands digit of 841755?
4
What is the hundred thousands digit of 3878852?
8
What is the hundred thousands digit of 130419?
1
What is the units digit of 8829730?
0
What is the hundred thousands digit of 836777?
8
What is the ten thousands digit of 3235838?
3
What is the units digit of 1990197?
7
What is the hundred thousands digit of 573538?
5
What is the tens digit of 1118330?
3
What is the thousands digit of 872124?
2
What is the tens digit of 88723?
2
What is the hundred thousands digit of 222611?
2
What is the ten thousands digit of 644314?
4
What is the hundreds digit of 791230?
2
What is the hundred thousands digit of 1645414?
6
What is the hundreds digit of 154639?
6
What is the hundred thousands digit of 3694340?
6
What is the hundred thousands digit of 3072118?
0
What is the hundred thousands digit of 5244946?
2
What is the hundred thousands digit of 2205187?
2
What is the thousands digit of 2884903?
4
What is the units digit of 303691?
1
What is the thousands digit of 5925874?
5
What is the ten thousands digit of 4260387?
6
What is the ten thousands digit of 1448475?
4
What is the millions digit of 29641678?
9
What is the thousands digit of 7900779?
0
What is the units digit of 839775?
5
What is the ten millions digit of 25443816?
2
What is the ten thousands digit of 786627?
8
What is the hundreds digit of 2056326?
3
What is the millions digit of 1174633?
1
What is the thousands digit of 207059?
7
What is the units digit of 24121674?
4
What is the tens digit of 178403?
0
What is the ten thousands digit of 62267?
6
What is the units digit of 919850?
0
What is the hundred thousands digit of 374869?
3
What is the hundreds digit of 379850?
8
What is the tens digit of 400312?
1
What is the units digit of 42034?
4
What is the ten thousands digit of 2327465?
2
What is the hundred thousands digit of 651063?
6
What is the hundred thousands digit of 2094851?
0
What is the millions digit of 3519780?
3
What is the hundreds digit of 365166?
1
What is the tens digit of 714134?
3
What is the units digit of 1265692?
2
What is the ten thousands digit of 675237?
7
What is the hundreds digit of 4977072?
0
What is the ten thousands digit of 796513?
9
What is the hundred thousands digit of 1889643?
8
What is the units digit of 2357006?
6
What is the tens digit of 693993?
9
What is the units digit of 338970?
0
What is the millions digit of 1500892?
1
What is the hundred thousands digit of 201060?
2
What is the ten thousands digit of 6189595?
8
What is the tens digit of 94400?
0
What is the thousands digit of 582686?
2
What is the tens digit of 1417821?
2
What is the units digit of 128898?
8
What is the thousands digit of 454366?
4
What is the units digit of 7532168?
8
What is the thousands digit of 23701303?
1
What is the hundred thousands digit of 531502?
5
What is the units digit of 1824413?
3
What is the thousands digit of 141164?
1
What is the hundreds digit of 324945?
9
What is the hundreds digit of 2124279?
2
What is the units digit of 267558?
8
What is the units digit of 85875?
5
What is the tens digit of 515508?
0
What is the units digit of 252378?
8
What is the hundred thousands digit of 4367030?
3
What is the units digit of 2440586?
6
What is the units digit of 1851594?
4
What is the ten thousands digit of 200931?
0
What is the hundreds digit of 6991?
9
What is the ten thousands digit of 325753?
2
What is the units digit of 611594?
4
What is the hundred thousands digit of 360988?
3
What is the ten millions digit of 17177439?
1
What is the hundred thousands digit of 2260180?
2
What is the units digit of 159095?
5
What is the hundred thousands digit of 914850?
9
What is the hundred thousands digit of 215508?
2
What is the hundreds digit of 253124?
1
What is the ten millions digit of 35345652?
3
What is the ten thousands digit of 2484388?
8
What is the hundred thousands digit of 231528?
2
What is the tens digit of 150673?
7
What is the ten thousands digit of 180273?
8
What is the units digit of 345667?
7
What is the units digit of 7679093?
3
What is the hundred thousands digit of 4675013?
6
What is the tens digit of 1248063?
6
What is the tens digit of 22345280?
8
What is the tens digit of 471727?
2
What is the thousands digit of 15040001?
0
What is the thousands digit of 1792216?
2
What is the hundreds digit of 1165957?
9
What is the units digit of 1305340?
0
What is the millions digit of 6129178?
6
What is the ten thousands digit of 2423281?
2
What is the hundreds digit of 3647987?
9
What is the hundreds digit of 809621?
6
What is the hundreds digit of 99895?
8
What is the hundreds digit of 440?
4
What is the tens digit of 1217415?
1
What is the hundreds digit of 14867612?
6
What is the tens digit of 7909429?
2
What is the thousands digit of 118284?
8
What is the hundreds digit of 1760774?
7
What is the hundreds digit of 533816?
8
What is the hundreds digit of 2084977?
9
What is the hundred thousands digit of 19619168?
6
What is the hundred thousands digit of 684511?
6
What is the thousands digit of 1521546?
1
What is the tens digit of 1557185?
8
What is the hundred thousands digit of 403105?
4
What is the tens digit of 17078196?
9
What is the units digit of 792440?
0
What is the tens digit of 176769?
6
What is the thousands digit of 11627?
1
What is the ten thousands digit of 548764?
4
What is the tens digit of 525079?
7
What is the millions digit of 1013062?
1
What is the ten thousands digit of 238822?
3
What is the units digit of 145696?
6
What is the thousands digit of 161166?
1
What is the millions digit of 3131202?
3
What is the tens digit of 90048?
4
What is the millions digit of 1185558?
1
What is the hundreds digit of 23149382?
3
What is the units digit of 466720?
0
What is the hundred thousands digit of 1337384?
3
What is the units digit of 63190?
0
What is the units digit of 1112720?
0
What is the hundreds digit of 14071683?
6
What is the thousands digit of 528013?
8
What is the tens digit of 11285636?
3
What is the hundred thousands digit of 198688?
1
What is the units digit of 2567414?
4
What is the tens digit of 8174?
7
What is the ten thousands digit of 392840?
9
What is the units digit of 105653?
3
What is the tens digit of 17444289?
8
What is the hundreds digit of 14695647?
6
What is the ten thousands digit of 46223?
4
What is the ten thousands digit of 685283?
8
What is the hundred thousands digit of 1551018?
5
What is the thousands digit of 90435?
0
What is the ten thousands digit of 5522303?
2
What is the thousands digit of 2038173?
8
Wha